0*k - 15. List the prime factors of p.
5
Let a = 41 - 18. What are the prime factors of a?
23
Let b(s) = s**2 + 4*s + 1. Suppose 3*a = -0 - 9. Let k be b(a). What are the prime factors of (5 - -3)*(3 + k)?
2
Suppose 2*v - 12 = 4*v. Let x = v + 12. Suppose -u = -11 - x. List the prime factors of u.
17
Let t = -17 + 21. What are the prime factors of t?
2
Let i(a) = 2*a**2 - 5*a - 3. List the prime factors of i(4).
3
Let r = -3 - -6. Suppose -5*g - r*l + 226 = l, -62 = -g - 5*l. Suppose -5*s + g + 8 = 0. List the prime factors of s.
2, 5
Suppose -5*q + y = -76, y = -9*q + 4*q + 84. Suppose -i - q = -2*i. What are the prime factors of i?
2
What are the prime factors of (-14)/21*(-73 - -1)?
2, 3
Suppose -4*p + 51 = -81. Suppose 5*m - p = 2*m. List the prime factors of m.
11
Suppose 4*x - 427 = i, -5*x = 3*i - x + 1281. What are the prime factors of 1/(-3) - i/21?
2, 5
Suppose q = 2*p - 16, q - 8 = 3*q. Let d be (-1)/3 - (-26)/6. Suppose -2*o + 4 = 0, p*w + d*o - 63 = w. What are the prime factors of w?
11
List the prime factors of ((-190)/(-20))/(1/6).
3, 19
Let g(q) = 2*q**2 + 8*q - 10. Let f be g(-8). Let j = -37 + f. List the prime factors of j.
17
Let k be (140/2)/(12/18). Let a = -32 + k. What are the prime factors of a/6 + 2/(-12)?
2, 3
Let c be -4 + 2 - (-17 - -1). Let j(u) = -c*u**2 + 1 + u - 2 + 18*u**2. What are the prime factors of j(-2)?
13
Suppose r - 52 = -3*o, o = 4*r - 3*o - 208. What are the prime factors of (1/4)/(1/r)?
13
Let d(t) = -t**3 - 6*t**2 + 2*t + 1. Let k(o) = o**3 + 5*o**2 - 2*o. Let j(n) = -4*d(n) - 5*k(n). List the prime factors of j(-3).
2
What are the prime factors of 40 + (0 + -1 - -2)?
41
Let d(u) = -7*u**2 - 4*u - 17. Let b(q) = q**2 - q + 1. Let z(n) = -6*b(n) - d(n). List the prime factors of z(-12).
5, 7
Let q be 0 + 0 + 10/(-2). Let i(n) = 14*n**2 + 5*n - 11. Let u(w) = -5*w**2 - 2*w + 4. Let o(j) = -6*i(j) - 17*u(j). What are the prime factors of o(q)?
3
Let x(z) = -4*z**3 + 3*z**2 - 3*z + 2. Let a be x(-3). Suppose 0 = -w - 4*p + 26, a = 7*w - 2*w + 4*p. What are the prime factors of w?
2, 3, 5
Suppose 34 = y - 0*y. List the prime factors of y.
2, 17
Let m be -6*(-3 + (-1)/(-2)). Suppose -20 = -5*j + m. List the prime factors of j.
7
Let m be (-3)/9 + (-386)/(-6). List the prime factors of 1/5 + m/5.
13
Suppose -39*m = -36*m - 180. What are the prime factors of m?
2, 3, 5
Let k(i) = -i**3 + 6*i**2 + 8*i - 5. Let z be k(7). List the prime factors of 17 - (2 + -3)*z.
19
Let n(r) = r**3 - 7*r**2 - 2*r - 1. Let o be n(7). Let d be o + (-1 - 0)*-2. Let k = -5 - d. List the prime factors of k.
2
Let t = -48 + 90. Let p = t - 19. List the prime factors of p.
23
Let p(g) be the first derivative of -9*g**2/2 - 3*g + 2. List the prime factors of p(-2).
3, 5
Let o = -19 + 42. What are the prime factors of o?
23
Let h = 598 - 294. List the prime factors of h.
2, 19
Let b(t) = -5*t**2 + 7 + 2 - 4 + 13*t + 4*t**2. What are the prime factors of b(12)?
17
List the prime factors of ((-168)/70)/((-326)/(-330) - 1).
2, 3, 11
Suppose -4*c + u - 15 = 0, 2*u - 27 = 5*c - 2*u. List the prime factors of 0 + 0 - 126/c.
2, 3, 7
Let v = 802 + -518. List the prime factors of v.
2, 71
Let h(z) = z + 8. Let o(x) = 2*x + 16. Let y(w) = 5*h(w) - 2*o(w). Let d be ((-15)/9)/(-5)*24. List the prime factors of y(d).
2
Let r = 236 + -108. List the prime factors of r.
2
Let t be (-186)/(-4)*12/(-9). Let s be 1/2*-1*t. Suppose -2*f = 3*z - s, 12 = 4*f - z - 15. What are the prime factors of f?
2
Suppose 5*x - 53 = 4*i, 5*x + 7*i - 77 = 3*i. List the prime factors of x.
13
List the prime factors of (1 - 25/10)*-4.
2, 3
Suppose 0 = 7*f - 6*f - 2. What are the prime factors of (54/(-63))/(f/(-28))?
2, 3
Let f(a) = a + 3. Let c be 6/(-21) - (-130)/14. List the prime factors of f(c).
2, 3
Suppose -4*l = -3*i - l + 12, 0 = -4*i + 2*l + 26. Suppose -72 = 6*m - i*m. List the prime factors of m.
2, 3
Let q(r) = -15*r - 1. Let v be q(1). Let n = 41 + v. Let o = -18 + n. What are the prime factors of o?
7
Let a(q) = -4 - 3*q**3 - 4*q**2 - q + 2*q**3 + 4*q. What are the prime factors of a(-5)?
2, 3
Let k = -4 + 5. Let z be k*5*(-16)/(-10). Suppose 34 = 5*q - i - z, q + 6 = 5*i. List the prime factors of q.
3
Let z be -2*1/(-2) + -6. Suppose -10 = 6*t + 2. What are the prime factors of (-4 - z) + t + 5?
2
Let z(t) = -t**2 - t. Let c be z(-1). Suppose 0 = -4*p + 12 - c. Suppose -5*b + p + 47 = 0. What are the prime factors of b?
2, 5
Suppose -3*o + 124 = o. Let y = -15 + o. What are the prime factors of y?
2
Let l(p) be the third derivative of p**5/10 - p**4/12 - p**3/3 + 3*p**2. Let m be l(2). Let j = 29 - m. What are the prime factors of j?
11
Let f(v) = -v**3 + 7*v**2 + v - 2. Let o be f(6). Suppose 8*g - o = 3*g. What are the prime factors of g?
2
Let r(v) = v**3 + 6*v**2 - 2*v - 9. Let x be r(-6). Let c be 1 + 1 + 9 - -1. Suppose 0 = -2*w - 3*k + c, 33 = -0*w + 3*w - x*k. List the prime factors of w.
3
Let a(h) = -h**3 - h**2 + 6. Let o be (1 + -1)/((-8)/8). What are the prime factors of a(o)?
2, 3
Suppose -53*d + 58*d - 1045 = 0. List the prime factors of d.
11, 19
Suppose 2*c = 3*c - 61. List the prime factors of c.
61
Let h(g) be the third derivative of g**4/12 - g**3 - g**2. List the prime factors of h(4).
2
Suppose -1 = -3*s + 17. List the prime factors of s.
2, 3
Let t(o) = -18*o + 2. Let x be t(-1). Suppose -g = -5*v + x, -2*g - 2*v + 30 = 2*g. List the prime factors of g.
5
Let u(p) = 11*p**2 - 2*p. Let y(n) = -32*n**2 + 5*n. Let b(r) = -8*u(r) - 3*y(r). List the prime factors of b(2).
2, 17
Suppose 2*m + 8 = -4*p - 0, -4*p - 4 = 4*m. Suppose -m*c + c = -3. What are the prime factors of c?
3
Let k(n) = n**2 - 5*n + 7. What are the prime factors of k(4)?
3
Let c(u) = -u**2 - 6*u + 8. Let i be c(-6). Suppose 4*m + s - 17 = 0, 5 + i = 2*m + 5*s. What are the prime factors of m?
2
Let z = 170 - 32. List the prime factors of z.
2, 3, 23
Let j = -11 - -4. Let z(u) = u**3 + 8*u**2 + u - 6. List the prime factors of z(j).
2, 3
Suppose 74 = j + 16. Suppose j - 13 = 5*s. What are the prime factors of s?
3
Suppose 5*q - 4 + 14 = 0. Let s be (-1 - 0)/(1/q). Suppose 0 = -3*b - 3*c + 9, -4*c = -s*b - 3*c + 15. List the prime factors of b.
2, 3
Suppose 167 = 3*b - 265. List the prime factors of b.
2, 3
Let h = 15 - -260. List the prime factors of h.
5, 11
Let c = -90 + 192. What are the prime factors of c?
2, 3, 17
Let h = -84 + 233. What are the prime factors of h?
149
Suppose 9 = 3*n - 3. Let p be ((-2)/n)/(2/(-44)). Suppose 0 = 4*s + 3*t - 13, p = 2*s - t - 2*t. List the prime factors of s.
2
Let n(c) = 3*c**2 - 4*c + 3. What are the prime factors of n(3)?
2, 3
Let s(i) = 4*i**2 + 5*i - 4. Let o be s(4). Suppose 4*g + g = o. What are the prime factors of g?
2
Let a = 3 + 7. List the prime factors of ((-8)/a)/(10/(-275)).
2, 11
Suppose 0 = 6*q - 996 - 192. List the prime factors of q.
2, 3, 11
Let y(f) = -f**3 - 14*f**2 + 9*f - 16. List the prime factors of y(-15).
2, 37
Suppose -5*d + 5*t - 1 = -101, 2*d - 43 = -t. What are the prime factors of d?
3, 7
Let m be 1*-10*1/(-2). Let t(i) = -5*i**2 + 7*i - 2. Let q(k) = -4*k**2 + 6*k - 2. Let z(n) = -4*q(n) + 3*t(n). What are the prime factors of z(m)?
2, 3
Suppose a - 3*b = -2, 0 = -a + 5*b - 0 + 2. Let h be (-2)/6 + 80/6. Let x = a + h. What are the prime factors of x?
5
Let k = -5 - -37. What are the prime factors of k?
2
Let l = -13 + 13. Suppose l = -k - 4*r + 10, 2*r + r - 25 = -2*k. List the prime factors of k.
2, 7
Suppose 7*w + 14 = 9*w. What are the prime factors of w?
7
Let s(u) = u**3 - 7*u**2 - 7*u + 5. Let q be 3/6 - 30/(-4). List the prime factors of s(q).
13
Suppose f + 0*f + 68 = 3*x, 5*x - 130 = 5*f. Suppose -2*y = 3*m - x, 4*y - 39 = -0*y - 3*m. List the prime factors of y.
3
Let m(h) = -h**2 - 7*h - 6. Let w be m(-5). Suppose 5*c = d + 12, 0*d + d - w = -3*c. List the prime factors of c.
2
Suppose 0 = 2*b - 2*o - 22, -3*b - 4*o = o - 57. List the prime factors of b.
2, 7
What are the prime factors of (-6)/(3*(-4)/78)?
3, 13
Suppose 5*h - 3*r - 301 = 0, -109 = -4*h - 2*r + 145. List the prime factors of h.
2, 31
Suppose 0*f - 40 = 5*f. Let v be -3 - (-2)/2 - f. Suppose 0 - v = -p. What are the prime factors of p?
2, 3
Suppose 0 = -5*l + 21 - 1. Suppose 0 = -2*p - 4*y + 14, 2*y - 26 = -l*p 